2*r. Is g a prime number?
True
Suppose -32*y + 31*y - 15 = 0. Let k(j) = -4*j**3 - 22*j**2 + 6*j - 2. Is k(y) prime?
False
Let o(d) be the third derivative of -41*d**4/8 + 2*d**3/3 - d**2. Let g = 997 - 998. Is o(g) composite?
False
Suppose 14*w + 12 = 15*w. Suppose -5*u + w = -4*u. Suppose -3*g = -u*g + 3681. Is g composite?
False
Is 10132/85*(-1)/(-12)*55365 a prime number?
False
Let i(w) be the third derivative of 5*w**4/24 - 6*w**3 - 22*w**2. Let n be i(8). Is 479/(n/(2 + 2)) a composite number?
False
Let u = -19066 + 47724. Suppose 45*p = 31*p + u. Is p a composite number?
True
Suppose -82893118 = -475*h + 10909407. Is h prime?
True
Is (-74)/19 + 4 + 131940693/1083 a composite number?
True
Let p be ((-4)/(-3))/2 + 556/12. Suppose 0 = -11*m - 3 + p. Suppose -5*o + 3112 = 2*g, m*o - 218 = 4*g + 2266. Is o a prime number?
False
Let t = 27 - 23. Suppose -3*f = 2*c - 4409, -t*f = -2*f + 5*c - 2943. Is f a prime number?
False
Let u = -47 + 42. Let c be 25/(625/(-210)) - 2/u. Is (c/4 - 7316)/(-2) prime?
True
Let u = 81956 + 16641. Is u prime?
True
Let f = 118246 - 54999. Suppose 7*u - 71860 - f = 0. Is u composite?
False
Let q(v) = -2*v**2 + 3*v + 3. Let k be q(3). Let l be (-2528)/k + (1 - (-2)/(-6)). Is l/(1 - (-3 + 2)) composite?
False
Suppose -2*k - 64 + 860 = 3*d, 0 = k + 2*d - 397. Let z be 6/(-15) - 21394/(-10). Suppose k - z = -2*q. Is q prime?
False
Let m be (612/(-408))/(6/16). Let j(c) = 65*c**2 + 15. Let w(y) = -y**2 - y + 1. Let z(s) = j(s) - 2*w(s). Is z(m) prime?
False
Let y(d) = d**3 + 14*d**2 - 2*d - 31. Let g be y(-14). Let h be 4/(g - -7) + 2 - -66. Suppose q + h = 338. Is q a composite number?
False
Let m(n) = -n - 31. Let k be m(-11). Is (-31269)/(-4) + 5/k*1 a composite number?
False
Let f(p) = 7964*p**2 + 19*p + 8. Is f(-5) prime?
False
Let k = -84 - -86. Suppose 3*v - 22 = -k*g, g + 6*v - v = 25. Suppose q - 2170 - 560 = -4*b, 4*q - g*b = 11004. Is q a composite number?
True
Let a = 5228 - -3590. Let k be ((0 - -5)/(-1))/(9/(-9)). Suppose -d + 361 + a = k*q, -3*q + 5501 = -d. Is q prime?
False
Let y(s) = 10555*s - 5843. Is y(10) a prime number?
True
Suppose -120*s + 118*s = -8, 0 = 5*f + 3*s - 347. Let w = 4 - 2. Suppose c - w*c = -y + f, -119 = -2*y - c. Is y composite?
True
Let b = 23 - 15. Suppose b*t - 3*t + 8780 = -5*d, 5*d = t + 1744. Let p = t + 2473. Is p composite?
False
Let o be 41/3 - (0 - 2/6). Suppose 0 = o*v + 8 - 50. Suppose 0 = -5*s - v*f + 9496, -2*s - 3*s = -3*f - 9514. Is s a prime number?
True
Let h be (47 - 36)*(-4)/(-22). Suppose -l + 3724 = -5*a, h*l + 2*a - 18539 = -3*l. Is l a prime number?
True
Suppose -2*w = 27 - 33. Suppose -3*a + 12 = -w. Suppose -2*c - 979 = -3*x, -2*c - 253 = -a*x + 1372. Is x prime?
False
Let x(n) = n**3 - 35*n**2 + 42*n + 94. Let i be x(34). Let h = 889 - i. Is h a composite number?
False
Let g = -129369 - -264418. Is g a composite number?
False
Let l(g) = 49096*g + 1299. Is l(10) a composite number?
True
Let k = -84 - -88. Suppose 5*c + 2*m - 1587 = 0, k*c - 893 - 379 = -4*m. Is c a prime number?
True
Let b be -1599*-26*2/12. Let k = -3820 + b. Is k a prime number?
True
Is ((-4)/(-2))/(42/(-147)) + 280568 a prime number?
True
Suppose -543430 - 5185732 + 123806 = -12*v. Is v prime?
False
Suppose -178980 = -12*h + 94356. Let t = h - 3747. Is t a prime number?
True
Let y be 2 - ((-15)/5)/3. Suppose 5*r = -4*d - 0*d + 4093, 3046 = y*d - r. Let h = -688 + d. Is h a prime number?
False
Let z(f) = 16 + 3*f + 9 + 169*f**2 - 157*f**2. Let p be z(11). Let v = -53 + p. Is v a composite number?
True
Let a(q) = -11*q**2 - 2*q + 26. Let z(m) = -m**3 - m + 1. Let w(l) = a(l) - 4*z(l). Is w(5) prime?
True
Suppose 2*g = -3*g + 2*x + 11, -x - 7 = -4*g. Suppose -4*u + 9 + g = s, 0 = 2*s - 3*u + 35. Is (-4)/s + (-22421)/(-175)*5 a prime number?
True
Let m(y) = -5*y**3 + 5*y**2 + 6*y - 1. Suppose -z + 3 - 30 = 4*a, 0 = -3*z - 3*a - 54. Let u(c) = -c**3 - 15*c**2 - c - 20. Let l be u(z). Is m(l) prime?
True
Let t(w) = 2968*w**2 + 2*w - 245. Is t(-6) prime?
True
Suppose 4*k = -5*q + 4, 0*k + 5 = 5*q + 5*k. Suppose 4*b - 5*m + q*m = -2409, 2*b = 5*m - 1197. Let i = b - -899. Is i prime?
True
Let x(b) = 3 + 17*b + 4 + 3*b - 18*b**2 + 0*b**3 - b**3. Let l be x(-19). Let d(c) = -64*c - 15. Is d(l) composite?
True
Let g = -9310 + 36. Let t = 16313 + g. Is t a composite number?
False
Let u be 8/(-12)*(-906)/4. Let n = u + -60. Suppose 5*j - 6*j + n = 0. Is j composite?
True
Suppose -13*h + 1 = 1. Suppose h = 12*o - 4*o - 12232. Is o a prime number?
False
Let c = -22719 - -62998. Is c composite?
True
Let t be (63/(-6))/(-7) - (-42376)/(-16). Let c = t - -4302. Is c composite?
True
Let x = 40218 + -18053. Suppose -x = -6*s - 2803. Is s a prime number?
False
Let h(y) = -4*y**2 - 35*y + 11. Let m be h(-9). Suppose 4*a - 16585 = -i + 9602, m*a = -i + 13093. Is a prime?
True
Let k = 158163 + 4086. Is k composite?
True
Is ((-11604580)/(-52))/(3 + -1*2) a composite number?
True
Suppose 6*n - 3*n = 36. Let b be (-3)/(45/40)*(-9)/n. Suppose w + 2*w - 2086 = 5*a, 0 = -b*w - 3*a + 1359. Is w composite?
True
Let r(q) be the third derivative of -q**6/120 - 2*q**5/15 + q**4/8 + 25*q**3/6 - 20*q**2. Let g be r(-8). Is g/2*651*(-4)/(-6) a composite number?
True
Suppose -1348 = -3*n + 2*k - 4442, -1031 = n - k. Let q = n + 1475. Is q composite?
False
Let g = -11312 + 107258. Suppose g = 2*i + 20564. Is i prime?
True
Suppose -22 = -5*g + 2*y, -3*g + 16 = -0*g - 4*y. Suppose -5*t + 7*t - g = 0. Suppose t*v = -v + 4917. Is v prime?
False
Let y be ((-24)/(-36))/((-1)/15). Let j be -48*1/(y/15). Is j*5 + (-3 - (-4 + 3)) a prime number?
False
Is 172375 - 50/25*(-3 + 0 - -4) prime?
True
Let r(p) = 377*p**2 + 7*p + 7. Let i be r(-7). Suppose 9*h - 8*h = i. Is h a prime number?
False
Let m(k) be the second derivative of 101*k**5/60 - k**4/4 - 5*k**3/2 - 29*k**2/2 - 15*k. Let y(q) be the first derivative of m(q). Is y(4) a prime number?
False
Let d(x) = 9*x**2 + 7 + 12*x**2 + 5*x + 6*x**2 - 28*x**2. Let q be d(6). Is (255 + -2)*q + -2 a composite number?
False
Suppose 0 = 296*h - 322*h + 11985194. Is h a composite number?
False
Let w(m) = m**3 - 4*m**2 - 20*m + 1. Let c be w(7). Let j(o) = o**2 + 3*o - 9. Is j(c) composite?
False
Let u = 97868 - -105675. Is u a prime number?
False
Let q be (-13)/((-91)/(-14)) + (500 - -1). Let h = 1172 - q. Is h prime?
True
Let g be (-19 + -1)*1/(-4). Suppose -g*f + 31 = 21. Is (1 + 2325)/(6*f/6) a composite number?
False
Let g(s) = -2*s**2 - 23 - 3*s + 3*s**2 + 21*s. Let y(a) = a**2 + 9*a - 208. Let j be y(-20). Is g(j) prime?
True
Let x(u) = -u**3 + 170*u**2 - 106*u - 1062. Is x(165) prime?
False
Suppose -2*f + 4*h - 6302 = 0, -3150 = -10*f + 11*f - h. Let z = f + 21938. Is z a composite number?
True
Let s(t) be the first derivative of -53*t**2/2 + 139*t + 71. Is s(-36) prime?
False
Let n(p) = -30*p - 2*p**2 + 190 + 52 + 4*p**2 - 369. Is n(38) a composite number?
False
Let s be (-14)/28*(2 + -1 + 3973). Let k = s + 7746. Is k a composite number?
True
Suppose 5*c - 5*o = -6*o + 3, 2*c = -o. Is c*3*2/6 - -222 a prime number?
True
Suppose 2*y + 5*v + 38 = 0, 2*y - 2*v = -223 + 213. Let l(x) be the second derivative of x**4/2 + x**3/3 - 21*x**2/2 - x. Is l(y) prime?
False
Let k(a) = 85*a + 81 + 77*a - 58 + 176 + 4. Is k(24) a composite number?
False
Suppose 0 = k - 5*m - 20, 0*k + m + 118 = 4*k. Let g = k + -20. Suppose g*w = w + 4401. Is w prime?
False
Is (450*759 - 4)/(6*(-3)/(-9)) a prime number?
True
Let m = 107 - 202. Let v be 3*-10*38/m. Is 18/v - 2*2763/(-4) composite?
True
Is (-4 - 6401175/(-77)) + (-12)/(-14) composite?
True
Let k(y) = 17*y**2 + 397*y + 109. Is k(-59) prime?
True
Let w = 369766 - 205535. Is w a composite number?
False
Suppose -21*w + 33 = -10*w. Is (52432/(-20) - w/(-5))*-2 a composite number?
True
Let z be 205/30 + (-2)/(-12). Suppose 5*q + 1900 = z*q. Let g = -469 + q. Is g prime?
False
Let g(p) = -43*p + 16. Let w(z) = 44*z - 17. Let u(m) = 2*g(m) + 3*w(m). Is u(5) composite?
False
Let t(y) = -40*y + 1411. Suppose -24*q = -23*q + 5*f + 10, f = -3*q - 2. Is t(q) a composite number?
True
Suppose 14*t - 11*t + 3 = -2*c, -3*t - 6 = c. Let g(u) = 232*u + 5. Is g(c) composite?
False
Suppose -42641 = 11*n + 15065. Let s = 10507 + n. Is s prime?
True
Let y = 22 + -16. Su